{"id":295,"date":"2025-10-16T15:40:57","date_gmt":"2025-10-16T13:40:57","guid":{"rendered":"https:\/\/www.aix24.com\/?post_type=product&#038;p=295"},"modified":"2026-04-26T03:20:26","modified_gmt":"2026-04-26T01:20:26","slug":"295","status":"publish","type":"product","link":"https:\/\/www.aix24.com\/?product=295","title":{"rendered":"Basak T\u00fcrkischer Instant Kaffe"},"content":{"rendered":"<p>Genie\u00dfen Sie den vollmundigen, traditionellen Geschmack von <b>T\u00fcrkischem Kaffee<\/b> ohne aufwendige Zubereitung! Der <b>Ba\u015fak T\u00fcrk Kahvesi Instant Mix<\/b> ist ideal f\u00fcr alle, die es schnell m\u00f6gen. Einfach den Inhalt des Beutels mit hei\u00dfem Wasser \u00fcbergie\u00dfen, umr\u00fchren \u2013 fertig ist der Genuss. Die Variante <b>&#8222;Az \u015eekerli&#8220; (Wenig Zucker)<\/b> bietet das perfekte Gleichgewicht f\u00fcr Kaffeeliebhaber, die eine s\u00fc\u00dfe Note w\u00fcnschen, aber den Zuckergehalt reduzieren m\u00f6chten. Perfekt f\u00fcr die schnelle Pause zu Hause, im B\u00fcro oder auf Reisen.<\/p>\n<h2>\ud83d\udcca N\u00e4hrwerttabelle pro 100 g (Instantpulver)<\/h2>\n<p>Als Instant-Kaffeemischung mit reduziertem Zuckeranteil liefert das Pulver typischerweise eine moderate Kalorienmenge, die haupts\u00e4chlich aus Kohlenhydraten (Zucker) stammt.<\/p>\n<table>\n<thead>\n<tr>\n<td><strong>N\u00e4hrwert<\/strong><\/td>\n<td><strong>Pro 100 g (Gesch\u00e4tzt)<\/strong><\/td>\n<\/tr>\n<\/thead>\n<tbody>\n<tr>\n<td><b>Brennwert<\/b><\/td>\n<td><span class=\"math-inline\" data-math=\"\\approx 1600 \\text{ kJ} \/ 380 \\text{ kcal}\">$\\approx 1600 \\text{ kJ} \/ 380 \\text{ kcal}$<\/span><\/td>\n<\/tr>\n<tr>\n<td>Fett<\/td>\n<td><span class=\"math-inline\" data-math=\"\\approx 5.0 \\text{ g}\">$\\approx 5.0 \\text{ g}$<\/span><\/td>\n<\/tr>\n<tr>\n<td><i>davon ges\u00e4ttigte Fetts\u00e4uren<\/i><\/td>\n<td><span class=\"math-inline\" data-math=\"\\approx 4.0 \\text{ g}\">$\\approx 4.0 \\text{ g}$<\/span><\/td>\n<\/tr>\n<tr>\n<td>Kohlenhydrate<\/td>\n<td><span class=\"math-inline\" data-math=\"\\approx 75 \\text{ g}\">$\\approx 75 \\text{ g}$<\/span><\/td>\n<\/tr>\n<tr>\n<td><i>davon Zucker<\/i><\/td>\n<td><span class=\"math-inline\" data-math=\"\\approx 50 \\text{ g}\">$\\approx 50 \\text{ g}$<\/span><\/td>\n<\/tr>\n<tr>\n<td>Eiwei\u00df (Protein)<\/td>\n<td><span class=\"math-inline\" data-math=\"\\approx 7.0 \\text{ g}\">$\\approx 7.0 \\text{ g}$<\/span><\/td>\n<\/tr>\n<tr>\n<td>Salz<\/td>\n<td><span class=\"math-inline\" data-math=\"\\approx 0.1 \\text{ g}\">$\\approx 0.1 \\text{ g}$<\/span><\/td>\n<\/tr>\n<\/tbody>\n<\/table>\n","protected":false},"excerpt":{"rendered":"<p>Dieser Instant-Mix von Ba\u015fak erm\u00f6glicht die schnelle und unkomplizierte Zubereitung eines <b>T\u00fcrkischen Kaffees<\/b> mit traditionellem Geschmack und einem <b>reduzierten Zuckergehalt<\/b> (Az \u015eekerli).<\/p>\n","protected":false},"featured_media":253,"comment_status":"open","ping_status":"closed","template":"","meta":[],"product_brand":[],"product_cat":[67],"product_tag":[178,181,176,180,184,185,183,186,177,182,175,179],"class_list":{"0":"post-295","1":"product","2":"type-product","3":"status-publish","4":"has-post-thumbnail","6":"product_cat-feinkost","7":"product_tag-az-sekerli","8":"product_tag-basak","9":"product_tag-instant-kaffee","10":"product_tag-instant-mix","11":"product_tag-kaffeemischung","12":"product_tag-kaffeepulver","13":"product_tag-schnelle-zubereitung","14":"product_tag-traditioneller-geschmack","15":"product_tag-tuerk-kahvesi","16":"product_tag-tuerkische-spezialitaet","17":"product_tag-tuerkischer-kaffee","18":"product_tag-wenig-zucker","20":"first","21":"instock","22":"taxable","23":"shipping-taxable","24":"purchasable","25":"product-type-simple"},"jetpack_sharing_enabled":true,"_links":{"self":[{"href":"https:\/\/www.aix24.com\/index.php?rest_route=\/wp\/v2\/product\/295","targetHints":{"allow":["GET"]}}],"collection":[{"href":"https:\/\/www.aix24.com\/index.php?rest_route=\/wp\/v2\/product"}],"about":[{"href":"https:\/\/www.aix24.com\/index.php?rest_route=\/wp\/v2\/types\/product"}],"replies":[{"embeddable":true,"href":"https:\/\/www.aix24.com\/index.php?rest_route=%2Fwp%2Fv2%2Fcomments&post=295"}],"wp:featuredmedia":[{"embeddable":true,"href":"https:\/\/www.aix24.com\/index.php?rest_route=\/wp\/v2\/media\/253"}],"wp:attachment":[{"href":"https:\/\/www.aix24.com\/index.php?rest_route=%2Fwp%2Fv2%2Fmedia&parent=295"}],"wp:term":[{"taxonomy":"product_brand","embeddable":true,"href":"https:\/\/www.aix24.com\/index.php?rest_route=%2Fwp%2Fv2%2Fproduct_brand&post=295"},{"taxonomy":"product_cat","embeddable":true,"href":"https:\/\/www.aix24.com\/index.php?rest_route=%2Fwp%2Fv2%2Fproduct_cat&post=295"},{"taxonomy":"product_tag","embeddable":true,"href":"https:\/\/www.aix24.com\/index.php?rest_route=%2Fwp%2Fv2%2Fproduct_tag&post=295"}],"curies":[{"name":"wp","href":"https:\/\/api.w.org\/{rel}","templated":true}]}}